{"version":"1.0","provider_name":"Blog do Col\u00e9gio Acad\u00eamico Floren\u00e7a","provider_url":"https:\/\/www.colegioflorenca.com.br\/blog","title":"Crian\u00e7as que crescem descal\u00e7as t\u00eam melhor equil\u00edbrio - Blog do Col\u00e9gio Acad\u00eamico Floren\u00e7a","type":"rich","width":600,"height":338,"html":"<blockquote class=\"wp-embedded-content\" data-secret=\"2rYMyTyEhL\"><a href=\"https:\/\/www.colegioflorenca.com.br\/blog\/criancas-descalcas-tem-melhor-equilibrio\/\">Crian\u00e7as que crescem descal\u00e7as t\u00eam melhor equil\u00edbrio<\/a><\/blockquote><iframe sandbox=\"allow-scripts\" security=\"restricted\" src=\"https:\/\/www.colegioflorenca.com.br\/blog\/criancas-descalcas-tem-melhor-equilibrio\/embed\/#?secret=2rYMyTyEhL\" width=\"600\" height=\"338\" title=\"&#8220;Crian\u00e7as que crescem descal\u00e7as t\u00eam melhor equil\u00edbrio&#8221; &#8212; Blog do Col\u00e9gio Acad\u00eamico Floren\u00e7a\" data-secret=\"2rYMyTyEhL\" frameborder=\"0\" marginwidth=\"0\" marginheight=\"0\" scrolling=\"no\" class=\"wp-embedded-content\"><\/iframe><script type=\"text\/javascript\">\n\/* <![CDATA[ *\/\n\/*! This file is auto-generated *\/\n!function(d,l){\"use strict\";l.querySelector&&d.addEventListener&&\"undefined\"!=typeof URL&&(d.wp=d.wp||{},d.wp.receiveEmbedMessage||(d.wp.receiveEmbedMessage=function(e){var t=e.data;if((t||t.secret||t.message||t.value)&&!\/[^a-zA-Z0-9]\/.test(t.secret)){for(var s,r,n,a=l.querySelectorAll('iframe[data-secret=\"'+t.secret+'\"]'),o=l.querySelectorAll('blockquote[data-secret=\"'+t.secret+'\"]'),c=new RegExp(\"^https?:$\",\"i\"),i=0;i<o.length;i++)o[i].style.display=\"none\";for(i=0;i<a.length;i++)s=a[i],e.source===s.contentWindow&&(s.removeAttribute(\"style\"),\"height\"===t.message?(1e3<(r=parseInt(t.value,10))?r=1e3:~~r<200&&(r=200),s.height=r):\"link\"===t.message&&(r=new URL(s.getAttribute(\"src\")),n=new URL(t.value),c.test(n.protocol))&&n.host===r.host&&l.activeElement===s&&(d.top.location.href=t.value))}},d.addEventListener(\"message\",d.wp.receiveEmbedMessage,!1),l.addEventListener(\"DOMContentLoaded\",function(){for(var e,t,s=l.querySelectorAll(\"iframe.wp-embedded-content\"),r=0;r<s.length;r++)(t=(e=s[r]).getAttribute(\"data-secret\"))||(t=Math.random().toString(36).substring(2,12),e.src+=\"#?secret=\"+t,e.setAttribute(\"data-secret\",t)),e.contentWindow.postMessage({message:\"ready\",secret:t},\"*\")},!1)))}(window,document);\n\/\/# sourceURL=https:\/\/www.colegioflorenca.com.br\/blog\/wp-includes\/js\/wp-embed.min.js\n\/* ]]> *\/\n<\/script>\n","thumbnail_url":"https:\/\/www.colegioflorenca.com.br\/blog\/wp-content\/uploads\/2020\/05\/criancas-descalcas-tem-melhor-equilibrio.png","thumbnail_width":1228,"thumbnail_height":956,"description":"Mat\u00e9ria originalmente retirada da Revista Crescer e trata da import\u00e2ncia de as crian\u00e7as andarem de p\u00e9s descal\u00e7os.\u00a0 Se voc\u00ea est\u00e1 sempre pedindo para que os seus filhos calcem os sapatos, aqui vai um bom motivo para pegar leve! Um estudo publicado recentemente na revista Frontiers in Pediatrics prova que andar decal\u00e7o tem, sim, suas vantagens. [&hellip;]"}

Blog do Colégio Acadêmico Florença

Crianças que crescem descalças têm melhor equilíbrio - Blog do Colégio Acadêmico Florença

<blockquote class="wp-embedded-content" data-secret="2rYMyTyEhL"><a href="https://www.colegioflorenca.com.br/blog/criancas-descalcas-tem-melhor-equilibrio/">Crianças que crescem descalças têm melhor equilíbrio</a></blockquote><iframe sandbox="allow-scripts" security="restricted" src="https://www.colegioflorenca.com.br/blog/criancas-descalcas-tem-melhor-equilibrio/embed/#?secret=2rYMyTyEhL" width="600" height="338" title="&#8220;Crianças que crescem descalças têm melhor equilíbrio&#8221; &#8212; Blog do Colégio Acadêmico Florença" data-secret="2rYMyTyEhL" frameborder="0" marginwidth="0" marginheight="0" scrolling="no" class="wp-embedded-content"></iframe><script type="text/javascript">
/* <![CDATA[ */
/*! This file is auto-generated */
!function(d,l){"use strict";l.querySelector&&d.addEventListener&&"undefined"!=typeof URL&&(d.wp=d.wp||{},d.wp.receiveEmbedMessage||(d.wp.receiveEmbedMessage=function(e){var t=e.data;if((t||t.secret||t.message||t.value)&&!/[^a-zA-Z0-9]/.test(t.secret)){for(var s,r,n,a=l.querySelectorAll('iframe[data-secret="'+t.secret+'"]'),o=l.querySelectorAll('blockquote[data-secret="'+t.secret+'"]'),c=new RegExp("^https?:$","i"),i=0;i<o.length;i++)o[i].style.display="none";for(i=0;i<a.length;i++)s=a[i],e.source===s.contentWindow&&(s.removeAttribute("style"),"height"===t.message?(1e3<(r=parseInt(t.value,10))?r=1e3:~~r<200&&(r=200),s.height=r):"link"===t.message&&(r=new URL(s.getAttribute("src")),n=new URL(t.value),c.test(n.protocol))&&n.host===r.host&&l.activeElement===s&&(d.top.location.href=t.value))}},d.addEventListener("message",d.wp.receiveEmbedMessage,!1),l.addEventListener("DOMContentLoaded",function(){for(var e,t,s=l.querySelectorAll("iframe.wp-embedded-content"),r=0;r<s.length;r++)(t=(e=s[r]).getAttribute("data-secret"))||(t=Math.random().toString(36).substring(2,12),e.src+="#?secret="+t,e.setAttribute("data-secret",t)),e.contentWindow.postMessage({message:"ready",secret:t},"*")},!1)))}(window,document);
//# sourceURL=https://www.colegioflorenca.com.br/blog/wp-includes/js/wp-embed.min.js
/* ]]> */
</script>

Matéria originalmente retirada da Revista Crescer e trata da importância de as crianças andarem de pés descalços.  Se você está sempre pedindo para que os seus filhos calcem os sapatos, aqui vai um bom motivo para pegar leve! Um estudo publicado recentemente na revista Frontiers in Pediatrics prova que andar decalço tem, sim, suas vantagens. [&hellip;]
